et v(r) = j*t(r) - 3*b(r). Determine v(-2).
0
Let o be (10/(-15) - 0) + 48/(-9). Let w(g) = -g - 8. Determine w(o).
-2
Let p(v) = v**2 - 5*v**2 + v**2 + 3 + v**2 + v. Let x = 96 + -99. Give p(x).
-18
Let x be -2 - (-3 - -4)*-5. Suppose -25 = 4*b + 3*k, x*k + 8 + 24 = -5*b. Let m(l) = -7*l + 4 - 6 - l**2 - 6 + 0*l**2. Give m(b).
-8
Suppose 25 = 8*t - 3*t. Suppose 16 - 4 = 4*q + o, -t*q = -5*o - 15. Let z(y) = q - 4 + 3 - y**2 - 2*y + 0*y. What is z(-2)?
2
Let x(g) = -g**3 - 4*g**2 + 6*g + 3. Let i(y) = -3*y**3 - y**2 - 2*y + 1. Let t be (-6)/33 - (-52)/44. Let q be i(t). What is x(q)?
-2
Let b(f) = -2*f + 3. Let r be 3 + (-2)/9 + (-141)/(-27). Let i be (2/r)/((-2)/(-40)). What is b(i)?
-7
Let w be 95/35 + (-6)/(-21). Let h(p) = -4 + 10 - 2*p**2 - 2 + p**w - 5*p. What is h(3)?
-2
Let o(u) = 2*u**3 - 6*u**2 - 5*u - 2. Suppose -131*j + 142*j = 55. Calculate o(j).
73
Let k(h) = 3*h**2 - 19*h - 24. Let c(j) = -j**2 + 6*j + 8. Let d(p) = 7*c(p) + 2*k(p). Let u = 7 + -1. Calculate d(u).
-4
Let w(h) = 207 + 195 + 5*h + 225 - 577. Calculate w(-11).
-5
Let p(a) = a**2 + 8*a - 9 - 2*a**2 + 5*a**2 - 5*a**2. Determine p(6).
3
Let n(b) = b**2 + 4*b - 1. Let a(d) = 11*d - 48. Let r be a(4). Calculate n(r).
-1
Let z(f) = -6*f + 5. Let m(u) = -u + 1. Suppose 4*c = a + 23, 5*c + 3*a = 7*c - 19. Let t(n) = c*m(n) - z(n). What is t(5)?
5
Let s(a) = 7*a**3 + 7*a**2 + 13*a + 12. Let d(g) = -g**3 - g - 2. Let b(x) = 6*d(x) + s(x). Let q(u) = 3*u + 3. Let n be q(-3). Determine b(n).
-6
Suppose 5*g + c - 104 = -0*g, -2*g + 44 = c. Let w be (45/25)/(6/g). Let v(q) = q - 9. Determine v(w).
-3
Let c(n) be the first derivative of 7*n**2/2 + n - 1. Let m(g) = 13*g + 2. Suppose -50*o = -48*o - 22. Let t(q) = o*c(q) - 6*m(q). Calculate t(7).
-8
Let r(v) be the first derivative of v**4/4 - 2*v**3 - v**2/2 - 4*v - 141. What is r(3)?
-34
Let u(r) = -11*r**2 - r. Let g = 179 - 178. Give u(g).
-12
Let j(k) = 2*k**2 - 42*k. Let s be j(21). Let q(y) be the first derivative of s*y - 3 + 1/4*y**4 + 2*y**3 + 1/2*y**2. Give q(-6).
-6
Suppose 34 = -5*k + 24. Let v(q) = 2 + 0 + q + 0*q. Calculate v(k).
0
Let y(s) = s**3 - 3*s**2 - 2*s - 4. Suppose -2*q + 12 = 3*n + 4, 0 = 7*n - q - 30. Determine y(n).
4
Suppose 3*h + 36 = -2*h + q, -12 = h + q. Let t(c) = -c**2 - 6*c + 10. Calculate t(h).
-6
Let z(f) = 1 + 4944*f**2 - 3 + 5*f - 4943*f**2. Give z(-6).
4
Let s be (-28)/6 + 2/3. Let m(x) = 2*x**3 + 62139*x - 3*x**3 - 6 - 62144*x - 4*x**2. Give m(s).
14
Let i = 10 + -8. Let b be 5 + -4 + 0 + i. Let q(m) = m**2 - m - 2. Give q(b).
4
Let p(d) = -d**3 + 3*d**2 - 4*d + 6. Let n be p(3). Let f = n - -14. Let m be -4*(-2)/f - 5. Let t(k) = -5*k - 4. Give t(m).
16
Let i(b) = -b**2 + 7*b - 5. Let c be i(6). Let k be 63/147 + 24/(-7). Let q = c + k. Let s(o) = o + 2. Determine s(q).
0
Let d(m) = m**3 - m**2 + m + 1. Let b(w) = -7*w**3 + 2*w**2 - 2. Let a(k) = -b(k) - 5*d(k). Let c be -5 - (1 - (3 + 0)). What is a(c)?
-15
Let s(w) be the third derivative of w**4/12 - 6*w**2 - 48*w + 1. Let d(k) = -k**2 + 4*k + 8. Let j be d(6). Determine s(j).
-8
Let x(z) be the first derivative of -z**3/3 + 6*z**2 + 9*z + 66. Calculate x(13).
-4
Let b(h) = -3. Let o(z) = z**2 - 13. Let g(s) = -9*b(s) + 2*o(s). Suppose l = -d - 1, -3*l = 5*d - 0*d + 9. Suppose 0 = -2*j + j - l. What is g(j)?
9
Let m(p) = p + 1. Let x = 25 - 33. Let a = 8 + x. Suppose a*s - 2*s = -4*b - 22, 5 = 5*b + 4*s. What is m(b)?
-2
Suppose 2*v - v = 4. Suppose -j - j = -4*i - 10, v*i + 5*j = -17. Let r(u) = u**2 - u - 4. Determine r(i).
8
Suppose -66*k = -246 + 114. Let f(y) be the first derivative of 5/2*y**k + 12 - y. Calculate f(-2).
-11
Let f = 11 - -8. Suppose -6*p - f + 7 = 0. Let v(i) = -4*i + 1. Let h(a) = 11*a - 2. Let y(m) = 3*h(m) + 8*v(m). What is y(p)?
0
Let x(t) = -3*t**3 + 10*t**2 - 11*t - 19. Let d(c) = c**3 - c**2 + c + 3. Let w(i) = -4*d(i) - x(i). Give w(-7).
7
Let t(x) = -11*x. Suppose 0 = 17*f + f - 18. Determine t(f).
-11
Let a(i) = 3*i**3 - 18*i - 3 + 14*i - 4*i**3 - 5 - 9*i**2 - 5*i. Calculate a(-8).
0
Let q(p) be the second derivative of 0 + p**2 - 1/12*p**4 - 3*p + 2/3*p**3. Let v be q(4). Let a(j) = j - 3. Determine a(v).
-1
Let w(l) be the third derivative of -l**5/60 + 3*l**4/8 - 7*l**3/6 + 103*l**2. What is w(6)?
11
Let w(f) be the second derivative of 0 - 1/6*f**3 + 1/10*f**5 - f + 0*f**4 + 1/2*f**2. Calculate w(1).
2
Let f be (1 - 0) + (-9 - -1). Let t(l) be the second derivative of l**5/20 + 7*l**4/12 + 3*l - 12. Give t(f).
0
Suppose 4*m = 5*v + 9, m = 5*v + 31 - 25. Let x(f) = -3*f + 13*f**2 + 3*f + 1. Give x(m).
14
Suppose 4*k = -33 + 1. Let s(o) = -41057*o**2 + 41058*o**2 + 8*o + 1 + o. Give s(k).
-7
Let z(h) = -h**3 - 8*h**2 + 17*h + 67. Let n be z(-9). Let l(g) = -2 - g - 2*g + 5. Calculate l(n).
18
Let g be ((-12)/(-15))/((-10)/(-75)). Let l(u) = u**3 - 5*u**2 - 3*u - 1. Calculate l(g).
17
Let t(g) = -g**3 + 14*g**2 - 11*g - 25. Let a be t(13). Let x(l) = -12*l + 1. Determine x(a).
-11
Let b(f) = 13*f**3 + 2*f**2 - 3*f. Let w(c) = 37*c**3 + 5*c**2 - 9*c - 1. Let h(q) = 17*b(q) - 6*w(q). Determine h(5).
-4
Let m be 5*8/10*30/(-12). Suppose h = 2*k - 3, 2*k + 1 = -h - 6. Let v = h - m. Let g(l) = -l + 1. Give g(v).
-4
Let x(k) = 4*k**2 - k**2 - 10*k - 2 + 11 - 4. Let m(t) = t**2 - 5*t + 2. Let u(z) = 5*m(z) - 2*x(z). What is u(-3)?
6
Let u(h) = -5*h**2 + h - 8. Let j(o) = -2*o**2 - 2*o. Let v(n) = 2*j(n) - u(n). Give v(7).
22
Let k(d) = d**3 + 3*d**2 + d - 8. Let y be k(-4). Let s(n) = -n**2 - 26*n + 50. What is s(y)?
-6
Let y = -158 + 152. Let g(c) = -4*c - 21. What is g(y)?
3
Let k(y) = y**3 - 11*y**2 + y + 4. Let g be k(11). Let r = -21 + g. Let z(h) be the first derivative of h**2/2 - 3. What is z(r)?
-6
Let p(w) be the third derivative of -w**6/120 - w**5/10 - w**4/8 + w**3 + w**2 - 22. Determine p(-5).
-4
Let u be (-115)/(-25) - 4/(-10). Suppose 5*t + 5*n + 20 = 5, 3*t - u*n = -9. Let s(p) be the third derivative of -p**4/24 + p**3/3 + 4*p**2. What is s(t)?
5
Suppose -5 = -2*a + 19. Suppose -2*u - 4*u - a = 0. Let t(v) = -4*v**3 + 4*v + 7. Let i(k) = k**3 - k - 2. Let b(o) = 14*i(o) + 4*t(o). Give b(u).
12
Let a(v) = 2*v + 5. Suppose -2*i - 9 = -o, 3*i - 22*o + 17*o = -24. Determine a(i).
-1
Suppose -3*k = -0*k. Suppose 3*z = -k*z + 3*q + 3, -q = -4*z + 16. Suppose z = 4*b - 7. Let j(t) = 2*t + 1. Determine j(b).
7
Let l(r) = -14*r + 1. Let y(f) = -2*f + 2. Let i(u) = l(u) - 6*y(u). Determine i(8).
-27
Let a(v) = v**2 + 2*v + 2. Let z(y) = y + 2. Suppose -34*p = -30*p + 16. Let j be z(p). Determine a(j).
2
Let v(x) be the first derivative of 2*x**3 - x**2/2 - x - 344. Calculate v(3).
50
Let x(o) be the second derivative of -o**4/12 + 3*o**3/2 + o**2 + 318*o. What is x(7)?
16
Let c(s) = 9*s**2 + 5*s. Let q(k) = k**2 - k. Let u be (10/15)/((-6)/(-9)). Let v(m) = u*c(m) + 6*q(m). Calculate v(1).
14
Let o(z) = 7*z - 63. Let f be o(10). Let b(u) = u**2 - 7*u - 4. What is b(f)?
-4
Let b be ((-2)/6)/((-21)/1827). Let w = 62 - 30. Let o = w - b. Let g(x) = x. Calculate g(o).
3
Let t(q) = -9 + q**2 - 15 + 5*q + 29 - 7. Calculate t(-6).
4
Let x be (-8)/8 + (-1 - -4) - 37. Let r be ((x/(-10))/7)/(2/20). Let y(a) = a**2 - 4*a + 3. What is y(r)?
8
Let d(c) be the first derivative of 13 + 1/2*c**2 + 2*c. Determine d(-3).
-1
Let w(u) = -12*u**2 + 1. Suppose 2*q + 4*j = 2, 11 = 4*q + 2*j + 7. What is w(q)?
-11
Let t(g) = g**2 - 5*g + 4. Let u = -998 + 999. Give t(u).
0
Let x(n) = n - 3. Let c be x(3). Let t(p) = -p**2 + 13*p - 18*p + c*p**2. What is t(-5)?
0
Let x(t) = t**2 - 4*t - 5. Let c be 36/10 + (-6)/10. Suppose 6*s - 3*s - 14 = -5*r, r = -c*s - 2. Calculate x(r).
-5
Let d be (10/(-15))/((-2)/(-48)). Let k = d - -10. Let t(a) = -a**2 - 10*a. Let y(s) = -s - 1. Let x(g) = -t(g) + 6*y(g). What is x(k)?
6
Let m(k) be the second derivative of k**5/20 + 4*k**4/3 - 17*k**3/3 + 19*k**2 + 260*k. What is m(-18)?
2
Let b(i) = -14*i - 197. Let l be b(-15). Let o(p) = p**2 - 14*p + 9. Give o(l).
-4
Let m(w) = -8*w - 7*w + 11 - w**2 + 2*w + 23. Let f be m(-15). Let q(k) = k**3 - 4*k**2. What is q(f)?
0
Let g(t) be the first derivative of -t**4/2 - 4*t**3/3 + 2*t + 19. Determine g(-3).
20
Let a(f) = 4*f - 21. Suppose 36*m = 32*m + 16. Let o be a(m). Let b(h) = h**2 + 7*h + 3. What is b(o)?
-7
Let d = 230 - 226. Let n be 2 